nder when 3537620 is divided by 40.
20
Calculate the remainder when 30525394 is divided by 290.
284
What is the remainder when 625914 is divided by 104297?
132
What is the remainder when 3615792 is divided by 182?
180
Calculate the remainder when 5413014 is divided by 422.
20
What is the remainder when 2969371 is divided by 33?
31
Calculate the remainder when 34907321 is divided by 1795.
1751
What is the remainder when 58303 is divided by 13719?
3427
What is the remainder when 70851272 is divided by 1021?
1019
Calculate the remainder when 2992199 is divided by 184.
175
What is the remainder when 5614563 is divided by 160416?
3
Calculate the remainder when 38290685 is divided by 28.
13
Calculate the remainder when 2055791 is divided by 1533.
38
Calculate the remainder when 5719454 is divided by 105.
104
Calculate the remainder when 98932 is divided by 46370.
6192
What is the remainder when 71808118 is divided by 17?
16
Calculate the remainder when 11966803 is divided by 1994463.
25
Calculate the remainder when 101776 is divided by 2169.
2002
What is the remainder when 91010618 is divided by 18202120?
18
What is the remainder when 108405 is divided by 36128?
21
Calculate the remainder when 30221 is divided by 5861.
916
What is the remainder when 3365020 is divided by 841164?
364
What is the remainder when 2527180 is divided by 35099?
52
What is the remainder when 10866170 is divided by 4457?
4
Calculate the remainder when 17489174 is divided by 5829724.
2
Calculate the remainder when 47938212 is divided by 195.
192
What is the remainder when 19564 is divided by 2128?
412
What is the remainder when 336219 is divided by 67238?
29
What is the remainder when 14121 is divided by 1793?
1570
Calculate the remainder when 18267985 is divided by 443.
437
What is the remainder when 2441938 is divided by 29?
22
What is the remainder when 2921487 is divided by 455?
387
Calculate the remainder when 260641188 is divided by 103.
100
Calculate the remainder when 2900349 is divided by 2900346.
3
What is the remainder when 87613807 is divided by 154?
127
Calculate the remainder when 420214 is divided by 210097.
20
Calculate the remainder when 2442924 is divided by 31.
0
Calculate the remainder when 281076 is divided by 7.
5
What is the remainder when 49268 is divided by 1226?
228
What is the remainder when 42752295 is divided by 17543?
4
Calculate the remainder when 15078229 is divided by 10188.
10177
What is the remainder when 28619764 is divided by 2143?
2142
What is the remainder when 10945288 is divided by 4176?
4168
Calculate the remainder when 1355463 is divided by 338854.
47
Calculate the remainder when 13742321 is divided by 40300.
21
Calculate the remainder when 9148930 is divided by 87.
10
What is the remainder when 117321465 is divided by 4?
1
What is the remainder when 41303 is divided by 604?
231
What is the remainder when 60672 is divided by 20138?
258
Calculate the remainder when 158584 is divided by 10130.
6634
Calculate the remainder when 417493 is divided by 11.
10
Calculate the remainder when 199919 is divided by 2939.
67
What is the remainder when 260222 is divided by 12890?
2422
What is the remainder when 52991 is divided by 44440?
8551
Calculate the remainder when 2625887 is divided by 2520.
47
Calculate the remainder when 157959064 is divided by 31591812.
4
What is the remainder when 55828 is divided by 71?
22
Calculate the remainder when 16643 is divided by 1885.
1563
What is the remainder when 347678 is divided by 172219?
3240
Calculate the remainder when 113346 is divided by 4696.
642
What is the remainder when 462407 is divided by 92449?
162
Calculate the remainder when 271029 is divided by 676.
629
Calculate the remainder when 438654 is divided by 146212.
18
What is the remainder when 1090806 is divided by 85?
1
What is the remainder when 4913781 is divided by 5707?
54
What is the remainder when 8307274 is divided by 1280?
74
What is the remainder when 1113860 is divided by 1220?
0
What is the remainder when 87342 is divided by 4988?
2546
What is the remainder when 1803085 is divided by 1803075?
10
What is the remainder when 14064836 is divided by 4091?
4069
Calculate the remainder when 40807074 is divided by 36697.
10
What is the remainder when 14253474 is divided by 2890?
2884
What is the remainder when 2119598 is divided by 350?
348
Calculate the remainder when 7361553 is divided by 2498.
2445
Calculate the remainder when 447394031 is divided by 136.
135
Calculate the remainder when 812983885 is divided by 16.
13
Calculate the remainder when 367697233 is divided by 6621.
6619
What is the remainder when 329878 is divided by 206?
72
What is the remainder when 2189130 is divided by 2482?
6
Calculate the remainder when 82044 is divided by 81761.
283
Calculate the remainder when 796892 is divided by 2330.
32
What is the remainder when 21797 is divided by 5129?
1281
What is the remainder when 92725 is divided by 2152?
189
Calculate the remainder when 4093292 is divided by 3451.
406
Calculate the remainder when 3350865 is divided by 1116953.
6
What is the remainder when 3407044 is divided by 1703513?
18
What is the remainder when 8786 is divided by 4397?
4389
What is the remainder when 354489 is divided by 5138?
5105
Calculate the remainder when 3288151 is divided by 1739.
1441
What is the remainder when 281803 is divided by 4685?
703
What is the remainder when 30870541 is divided by 78?
13
Calculate the remainder when 8322568 is divided by 678.
118
What is the remainder when 103235 is divided by 1487?
632
Calculate the remainder when 1014151237 is divided by 19.
17
What is the remainder when 2188416094 is divided by 49?
46
What is the remainder when 2236989 is divided by 52023?
0
Calculate the remainder when 99405099 is divided by 45536.
11
Calculate the remainder when 1503912 is divided by 2365.
2137
Calculate the remainder when 667538618 is divided by 125.
118
What is the remainder when 2776725 is divided by 234?
81
What is the remainder when 17573613 is divided by 4393319?
337
What is the remainder when 101621 is divided by 7252?
93
Calculate the remainder when 1222013 is divided by 1971.
1964
Calculate the remainder when 1853847 is divided by 10299.
27
Calculate the remainder when 844077 is divided by 32.
13
Calculate the remainder when 609961 is divided by 304839.
283
What is the remainder when 156468 is divided by 1550?
1468
What is the remainder when 75712 is divided by 860?
32
Calculate the remainder when 13114985 is divided by 14.
9
Calculate the remainder when 36068 is divided by 9008.
36
Calculate the remainder when 16652658 is divided by 1913.
1906
Calculate the remainder when 20986 is divided by 13247.
7739
What is the remainder when 446024 is divided by 89202?
14
Calculate the remainder when 9790 is divided by 3757.
2276
What is the remainder when 8057 is divided by 94?
67
What is the remainder when 382979 is divided by 728?
51
Calculate the remainder when 506006 is divided by 101130.
356
Calculate the remainder when 753927 is divided by 753566.
361
Calculate the remainder when 17309970 is divided by 26267.
17
What is the remainder when 3580820 is divided by 4335?
110
Calculate the remainder when 122804662 is divided by 279.
22
Calculate the remainder when 4792045 is divided by 1198000.
45
What is the remainder when 59635537 is divided by 175916?
13
Calculate the remainder when 32792 is divided by 1735.
1562
Calculate the remainder when 1908981 is divided by 219.
177
What is the remainder when 4181 is divided by 403?
151
Calculate the remainder when 8391 is divided by 384.
327
What is the remainder when 3915839 is divided by 778?
165
Calculate the remainder when 1305845 is divided by 4197.
578
What is the remainder when 582492 is divided by 7861?
778
What is the remainder when 1539209 is divided by 491?
415
What is the remainder when 86780 is divided by 110?
100
Calculate the remainder when 101660689 is divided by 49.
46
What is the remainder when 34381325 is divided by 128?
13
What is the remainder when 353193 is divided by 39234?
87
What is the remainder when 48395067 is divided by 132?
39
What is the remainder when 9403361 is divided by 7?
2
What is the remainder when 5257363 is divided by 232?
11
What is the remainde